 -14 + 35?
21
In base 6, what is -513 - 232?
-1145
In base 12, what is -13 - 300?
-313
In base 10, what is -3 + -158?
-161
In base 9, what is -5 - -43?
37
In base 7, what is -4 + -32?
-36
In base 7, what is -105 + -261?
-366
In base 16, what is 8e6 - -5?
8eb
In base 12, what is -81 + -8?
-89
In base 11, what is 71 - -2?
73
In base 16, what is -1f - 2?
-21
In base 15, what is -6b - -4?
-67
In base 12, what is 6 + -1a14?
-1a0a
In base 4, what is 3232 + 0?
3232
In base 6, what is 3450 + 1?
3451
In base 2, what is 1101101111011 - -101?
1101110000000
In base 6, what is -124100 + 2?
-124054
In base 12, what is -1 + -139?
-13a
In base 3, what is 21 + 102?
200
In base 13, what is c04 - 3?
c01
In base 3, what is -10 - -2112?
2102
In base 6, what is -11 - -1?
-10
In base 16, what is -5 - 229?
-22e
In base 10, what is 324 - -9?
333
In base 5, what is -2 - 222?
-224
In base 9, what is -2 + -38?
-41
In base 16, what is -71 - 12?
-83
In base 15, what is -69 - 3?
-6c
In base 14, what is 12b - -d?
13a
In base 8, what is -51 + 377?
326
In base 15, what is -5 + 20?
1a
In base 11, what is 12 - 137?
-125
In base 6, what is 2 - -11050?
11052
In base 2, what is -1010011 + -1101?
-1100000
In base 11, what is -2 - 1468?
-146a
In base 8, what is -164 + 3?
-161
In base 14, what is 704 + -3?
701
In base 15, what is -1 - -389?
388
In base 11, what is -8a + -51?
-130
In base 14, what is 4 - -2482?
2486
In base 6, what is -1131 + 2?
-1125
In base 16, what is 122a + 4?
122e
In base 11, what is -5 - -13?
9
In base 7, what is 5 - 342?
-334
In base 7, what is -1 - -300?
266
In base 14, what is 3 - 19?
-16
In base 12, what is -1 - 1b1?
-1b2
In base 8, what is -11 + -17?
-30
In base 2, what is 100 + -110001?
-101101
In base 10, what is -206 - -5?
-201
In base 10, what is -2301 - -1?
-2300
In base 4, what is -3 + 100?
31
In base 13, what is 2a - -1b?
48
In base 4, what is 11 + 133322?
133333
In base 8, what is -27 + 31?
2
In base 10, what is -307 - -32?
-275
In base 7, what is 0 + -12?
-12
In base 9, what is 10 - -256?
266
In base 15, what is -1 + -247?
-248
In base 11, what is -19680 + 1?
-1967a
In base 5, what is -3 - -34321?
34313
In base 15, what is 343 - -15?
358
In base 8, what is 27 - 7?
20
In base 6, what is -121 - -131?
10
In base 10, what is -21 - -51?
30
In base 4, what is 10 + -1110133?
-1110123
In base 3, what is -20 - -10?
-10
In base 10, what is -178 - -6?
-172
In base 2, what is 111000 - -1?
111001
In base 10, what is 12 - 55?
-43
In base 5, what is -3 - 424?
-432
In base 6, what is 222 - -4?
230
In base 16, what is -67 + -3?
-6a
In base 3, what is 1010121 - -10?
1010201
In base 5, what is -22 + -3?
-30
In base 13, what is 4 + 96?
9a
In base 4, what is -10 - -100032?
100022
In base 14, what is -1 - b5c?
-b5d
In base 4, what is -2 + -212?
-220
In base 13, what is 9a - -6?
a3
In base 5, what is -1 + 0?
-1
In base 16, what is -4e - -b?
-43
In base 5, what is 4 + -4013?
-4004
In base 15, what is 49e2 - -3?
49e5
In base 2, what is 11100010101010 + 101?
11100010101111
In base 15, what is 68 + -5?
63
In base 11, what is 531 + -19?
513
In base 12, what is -93 + 3?
-90
In base 5, what is 20142 - 3?
20134
In base 3, what is 20220122 - 11?
20220111
In base 10, what is -2 + -34?
-36
In base 12, what is -20 + -17b?
-19b
In base 13, what is -6278 + 4?
-6274
In base 16, what is 5f + -73?
-14
In base 11, what is 3461 + 6?
3467
In base 16, what is -1b3 + 2?
-1b1
In base 13, what is -12 + 15?
3
In base 11, what is 1a - 0?
1a
In base 9, what is -6 - 10?
-16
In base 10, what is -112 - 0?
-112
In base 16, what is 9807 - -3?
980a
In base 10, what is -166 - -6?
-160
In base 4, what is 100 - -13003?
13103
In base 6, what is -15 - -14?
-1
In base 9, what is 0 + 375?
375
In base 3, what is -2 + -101122?
-101201
In base 14, what is 2a + -1a?
10
In base 13, what is -1080 - -4?
-1079
In base 11, what is 1 + -97?
-96
In base 3, what is -2 - -12000020?
12000011
In base 7, what is 10 + 11?
21
In base 16, what is 5b8 - -1?
5b9
In base 7, what is 14 + 60?
104
In base 16, what is -61 + 0?
-61
In base 6, what is 5 + 231?
240
In base 7, what is 126440 + 1?
126441
In base 8, what is -30 - -5?
-23
In base 8, what is -11 - 2670?
-2701
In base 6, what is -13 - -13235?
13222
In base 6, what is 252 + 3?
255
In base 6, what is -21 - -23?
2
In base 12, what is -27 - -1b?
-8
In base 15, what is 56 + -37?
1e
In base 13, what is 14c + -5?
147
In base 11, what is -5 + -596?
-5a0
In base 7, what is -3 - -250?
244
In base 7, what is -1113 - 2?
-1115
In base 2, what is -11110100 + 1?
-11110011
In base 9, what is -6 + -163?
-170
In base 5, what is 1 - 140?
-134
In base 6, what is 44133 - 5?
44124
In base 11, what is -1 + -1796?
-1797
In base 9, what is 7 + -26?
-18
In base 5, what is -2 + -40?
-42
In base 3, what is 102 - 120?
-11
In base 4, what is 11 - 0?
11
In base 9, what is 8 + -252?
-243
In base 11, what is -8 + 56?
49
In base 4, what is -1110 - -110?
-1000
In base 15, what is 8a - 5?
85
In base 6, what is -2013 - -14?
-1555
In base 8, what is -10504 + 2?
-10502
In base 13, what is 180 + 3?
183
In base 11, what is 893 + 3?
896
In base 3, what is -12 - -20010?
12221
In base 9, what is -1883 - 5?
-1888
In base 9, what is 7 + 482?
500
In base 14, what is -5 + -531?
-536
In base 12, what is -5 + -869?
-872
In base 6, what is 202105 + 5?
202114
In base 12, what is -30 + -1?
-31
In base 5, what is -32 + -4?
-41
In base 4, what is 332 + 113?
1111
In base 6, what is -1 - 43401?
-43402
In base 14, what is bb7 - 1?
bb6
In base 8, what is -4 + 1403?
1377
In base 8, what is 61 - 63?
-2
In base 13, what is -104 + c?
-c5
In base 7, what is 3 - -56?
62
In base 4, what is 231 + 10?
301
In base 13, what is b - -3?
11
In base 7, what is -5251 + -10?
-5261
In base 6, what is -31 - -15?
-12
In base 12, what is 74 + 3?
77
In base 8, what is 5 + -627?
-622
In base 11, what is 9 + -5?
4
In base 4, what is 2 - 2201?
-2133
In base 9, what is 5130 - -1?
5131
In base 15, what is 12 + -13b?
-129
In base 6, what is 232 - -4?
240
In base 3, what is -2 + -10111?
-10120
In base 14, what is 9 + ad9?
b04
In base 9, what is -755 + 5?
-750
In base 3, what is -112 + 2221?
2102
In base 8, what is 15 + 507?
524
In base 8, what is 33 - 2?
31
In base 10, what is -247 - -5?
-242
In base 3, what is 201102200 + -11?
201102112
In base 3, what is 1011 - 21220?
-20202
In base 4, what is 23333 + -210?
23123
In base 15, what is -262b - -3?
-2628
In base 3, what is 1010 + 10?
1020
In base 12, what is -53 + -36?
-89
In base 4, what is 0 + 33301?
33301
In base 13, what is 6 - 2c?
-26
In base 6, what is -410 - 0?
-410
In base 6, what is -2534 + -2?
-2540
In base 7, what is 21 - -4?
25
In base 16, what is 37 + -33?
4
In base 11, what is -23 + -1?
-24
In base 2, what is -10000001 - -1100001?
-100000
In base 16, what is 7 + -f?
-8
In base 3, what is -212 + -110?
-1022
In base 10, what is -93 + -280?
-373
In base 11, what is 2347 - 5?
2342
In base 12, what is 3a - 1?
39
In base 3, what is -1 - 1?
-2
In base 6, what is -3 + -2345?
-2352
In base 14, what is 3 - 12cd?
-12ca
In base 8, what is 6 - 5575?
-5567
In base 13, what is c + 59a?
5a9
In base 5, what is 321 - 20?
301
In base 9, what is -31 + -11?
-42
In base 6, what is -2 - 221?
-223
In base 7, what is 4 + 15?
22
In base 9, what is 1216 - 8?
1207
In base 15, what is 3 - -dbc?
dc0
In base 14, what is -3 + -c?
-11
In base 4, what is 212 + 10?
222
In base 2, what is 101 - 1101101010?
-1101100101
In base 4, what is 203 - 112?
31
In base 5, what is 1 + 1413?
1414
In base 7, what is -3 + 54?
51
In base 5, what is 43 - -3134?
3232
In base 4, what is 1300 + -2?
1232
In base 2, what is 11 - -100010010011?
100010010110
In base 6, what is 1033 - -5?
1042
In base 7, what is 5256 + 4?
5263
In base 3, what is 11 - -10?
21
In base 5, what is -3103 - 3?
-3111
In base 5, what is 0 - -1434?
1434
In base 15, what is -3 + a4?
a1
In base 14, what is -6 + 69?
63
In base 14, what is 8 - -dc?
106
In base 9, what is 5 - -30?
35
In base 16, what is -4 - -cf?
cb
In base 6, what is 10 + 323?
333
In base 7, what is 35625 + -4?
35621
In base 10, what is 0 - 5180?
-5180
In base 4, what is 2 + -100223?
-100221
In base 9, what is 34 - -28?
63
In base 3, what is -21 + -21110?
-21201
In base 10, what is -249 + 2?
-247
In base 2, what is -1000